{"id":2,"date":"2025-08-20T21:19:18","date_gmt":"2025-08-20T21:19:18","guid":{"rendered":"http:\/\/xn--fr-zh-kva.ch\/FUER\/?page_id=2"},"modified":"2025-08-23T15:41:20","modified_gmt":"2025-08-23T15:41:20","slug":"home","status":"publish","type":"page","link":"https:\/\/xn--fr-zh-kva.ch\/FUER\/","title":{"rendered":"HOME"},"content":{"rendered":"<div class=\"wpb-content-wrapper\"><p>[vc_row][vc_column][vc_empty_space][vc_single_image image=&#8221;44&#8243; img_size=&#8221;754&#215;300&#8243; alignment=&#8221;center&#8221; css_animation=&#8221;bounceInDown&#8221; css=&#8221;&#8221;][\/vc_column][\/vc_row][vc_row][vc_column][vc_custom_heading text=&#8221;Renovation\u2007\u2007 | \u2007\u2007Umbau\u2007\u2007 | \u2007\u2007Neubau&#8221; font_container=&#8221;tag:h1|font_size:30|text_align:center|color:%23FFFDFD&#8221; google_fonts=&#8221;font_family:Roboto%20Slab%3A100%2C300%2Cregular%2C700|font_style:700%20bold%20regular%3A700%3Anormal&#8221; css=&#8221;&#8221;][vc_separator color=&#8221;white&#8221; border_width=&#8221;2&#8243; css=&#8221;&#8221;][\/vc_column][\/vc_row][vc_row][vc_column][vc_column_text css=&#8221;&#8221;]<\/p>\r\n<p class=\"ds-markdown-paragraph\"><strong>Ihr Partner f\u00fcr Renovation, Umbau &amp; Neubau \u2013 Handwerk mit Leidenschaft<\/strong><\/p>\r\n<p class=\"ds-markdown-paragraph\">Seit 2010 realisieren wir individuelle Bauprojekte mit handwerklicher Pr\u00e4zision und pers\u00f6nlicher Betreuung. Unser Inhaber Leo F\u00fcr arbeitet selbst mit \u2013 vom ersten Spatenstich bis zur Schlussabnahme. Ob Renovation, Umbau oder Neubau: Wir setzen auf Qualit\u00e4tsmaterialien, transparente Kommunikation und L\u00f6sungen, die zu Ihrem Budget passen.<\/p>\r\n<p>&nbsp;<\/p>\r\n<p class=\"ds-markdown-paragraph\"><strong>Unsere St\u00e4rken f\u00fcr Ihr Zuhause<\/strong><\/p>\r\n<ul>\r\n<li>\r\n<p class=\"ds-markdown-paragraph\"><b>Renovationen<\/b>: Schadhafte Bausubstanz? Wir sanieren fachgerecht \u2013 von Feuchtigkeitssch\u00e4den bis Denkmalschutz.<\/p>\r\n<\/li>\r\n<li>\r\n<p class=\"ds-markdown-paragraph\"><strong>Umbauten<\/strong>: Mehr Platz, modernes Design? Wir setzen Ihre W\u00fcnsche um, ob K\u00fcche, Bad oder Dachgeschoss.<\/p>\r\n<\/li>\r\n<li>\r\n<p class=\"ds-markdown-paragraph\"><strong>Neubau<\/strong>: Effizient, ma\u00dfgeschneidert und termingerecht \u2013 vom Einfamilienhaus bis zum Gewerbeobjekt.<\/p>\r\n<\/li>\r\n<\/ul>\r\n<p>&nbsp;<\/p>\r\n<p class=\"ds-markdown-paragraph\"><em>Als inhabergef\u00fchrtes Unternehmen garantieren wir: Keine anonymen Bautruppen, sondern direkter Ansprechpartner und <strong>Handwerk aus einer Hand<\/strong>.<\/em><\/p>\r\n<p>&nbsp;<\/p>\r\n<p>[\/vc_column_text][\/vc_column][\/vc_row]<\/p>\r\n<!-- \/wp:post-content --><\/div>","protected":false},"excerpt":{"rendered":"<p>[vc_row][vc_column][vc_empty_space][vc_single_image image=&#8221;44&#8243; img_size=&#8221;754&#215;300&#8243; alignment=&#8221;center&#8221; css_animation=&#8221;bounceInDown&#8221; css=&#8221;&#8221;][\/vc_column][\/vc_row][vc_row][vc_column][vc_custom_heading text=&#8221;Renovation\u2007\u2007 | \u2007\u2007Umbau\u2007\u2007 | \u2007\u2007Neubau&#8221; font_container=&#8221;tag:h1|font_size:30|text_align:center|color:%23FFFDFD&#8221; google_fonts=&#8221;font_family:Roboto%20Slab%3A100%2C300%2Cregular%2C700|font_style:700%20bold%20regular%3A700%3Anormal&#8221; css=&#8221;&#8221;][vc_separator color=&#8221;white&#8221; border_width=&#8221;2&#8243; css=&#8221;&#8221;][\/vc_column][\/vc_row][vc_row][vc_column][vc_column_text css=&#8221;&#8221;] Ihr Partner f\u00fcr Renovation, Umbau &amp; Neubau \u2013 Handwerk mit Leidenschaft Seit 2010 realisieren wir individuelle Bauprojekte mit handwerklicher Pr\u00e4zision und pers\u00f6nlicher Betreuung. Unser Inhaber Leo F\u00fcr arbeitet selbst mit \u2013 vom ersten Spatenstich bis zur Schlussabnahme. [&hellip;]<\/p>\n","protected":false},"author":1,"featured_media":0,"parent":0,"menu_order":0,"comment_status":"closed","ping_status":"open","template":"","meta":{"footnotes":""},"class_list":["post-2","page","type-page","status-publish","hentry"],"_links":{"self":[{"href":"https:\/\/xn--fr-zh-kva.ch\/FUER\/wp-json\/wp\/v2\/pages\/2","targetHints":{"allow":["GET"]}}],"collection":[{"href":"https:\/\/xn--fr-zh-kva.ch\/FUER\/wp-json\/wp\/v2\/pages"}],"about":[{"href":"https:\/\/xn--fr-zh-kva.ch\/FUER\/wp-json\/wp\/v2\/types\/page"}],"author":[{"embeddable":true,"href":"https:\/\/xn--fr-zh-kva.ch\/FUER\/wp-json\/wp\/v2\/users\/1"}],"replies":[{"embeddable":true,"href":"https:\/\/xn--fr-zh-kva.ch\/FUER\/wp-json\/wp\/v2\/comments?post=2"}],"version-history":[{"count":7,"href":"https:\/\/xn--fr-zh-kva.ch\/FUER\/wp-json\/wp\/v2\/pages\/2\/revisions"}],"predecessor-version":[{"id":74,"href":"https:\/\/xn--fr-zh-kva.ch\/FUER\/wp-json\/wp\/v2\/pages\/2\/revisions\/74"}],"wp:attachment":[{"href":"https:\/\/xn--fr-zh-kva.ch\/FUER\/wp-json\/wp\/v2\/media?parent=2"}],"curies":[{"name":"wp","href":"https:\/\/api.w.org\/{rel}","templated":true}]}}